 divided by 51.
0
Calculate the remainder when 47038 is divided by 171.
13
What is the remainder when 199073 is divided by 29?
17
What is the remainder when 25561 is divided by 84?
25
Calculate the remainder when 2570 is divided by 39.
35
Calculate the remainder when 85320 is divided by 828.
36
What is the remainder when 431999 is divided by 45?
44
Calculate the remainder when 17117 is divided by 426.
77
Calculate the remainder when 307997 is divided by 1000.
997
Calculate the remainder when 1780 is divided by 152.
108
Calculate the remainder when 233349 is divided by 10.
9
What is the remainder when 2239356 is divided by 80?
76
What is the remainder when 11445 is divided by 111?
12
What is the remainder when 7775 is divided by 168?
47
What is the remainder when 120429 is divided by 777?
771
Calculate the remainder when 97942 is divided by 264.
262
Calculate the remainder when 361215 is divided by 361213.
2
Calculate the remainder when 7630 is divided by 7621.
9
What is the remainder when 10807 is divided by 2040?
607
Calculate the remainder when 4926 is divided by 4589.
337
What is the remainder when 6041 is divided by 80?
41
Calculate the remainder when 1000295 is divided by 108.
107
What is the remainder when 56707 is divided by 265?
262
Calculate the remainder when 288307 is divided by 17.
4
What is the remainder when 406 is divided by 42?
28
Calculate the remainder when 4343 is divided by 615.
38
Calculate the remainder when 402377 is divided by 31.
28
Calculate the remainder when 1090 is divided by 1041.
49
What is the remainder when 7968 is divided by 275?
268
Calculate the remainder when 29407 is divided by 221.
14
Calculate the remainder when 290768 is divided by 18173.
0
What is the remainder when 2858237 is divided by 1429118?
1
Calculate the remainder when 244938 is divided by 20.
18
Calculate the remainder when 249 is divided by 56.
25
What is the remainder when 50489 is divided by 99?
98
Calculate the remainder when 6718 is divided by 328.
158
Calculate the remainder when 67820 is divided by 111.
110
Calculate the remainder when 933 is divided by 122.
79
What is the remainder when 29830 is divided by 11?
9
Calculate the remainder when 171 is divided by 77.
17
Calculate the remainder when 5536 is divided by 943.
821
What is the remainder when 8255 is divided by 212?
199
Calculate the remainder when 79536 is divided by 206.
20
What is the remainder when 2300 is divided by 8?
4
Calculate the remainder when 779203 is divided by 445.
8
Calculate the remainder when 79167 is divided by 19788.
15
What is the remainder when 45702 is divided by 20?
2
What is the remainder when 19271 is divided by 107?
11
Calculate the remainder when 2208 is divided by 1094.
20
Calculate the remainder when 529 is divided by 300.
229
What is the remainder when 10125 is divided by 9357?
768
What is the remainder when 20540 is divided by 114?
20
What is the remainder when 85072 is divided by 2744?
8
Calculate the remainder when 263465 is divided by 36.
17
Calculate the remainder when 127944 is divided by 32.
8
Calculate the remainder when 17425 is divided by 8663.
99
What is the remainder when 472636 is divided by 692?
0
Calculate the remainder when 42646 is divided by 128.
22
What is the remainder when 1147407 is divided by 855?
852
Calculate the remainder when 817695 is divided by 736.
735
Calculate the remainder when 27718 is divided by 36.
34
Calculate the remainder when 36923 is divided by 336.
299
Calculate the remainder when 3362 is divided by 200.
162
Calculate the remainder when 152754 is divided by 65.
4
Calculate the remainder when 206756 is divided by 103378.
0
Calculate the remainder when 44445 is divided by 161.
9
Calculate the remainder when 7585 is divided by 211.
200
Calculate the remainder when 4926 is divided by 2456.
14
Calculate the remainder when 45121 is divided by 922.
865
What is the remainder when 2149653 is divided by 13?
12
Calculate the remainder when 53941 is divided by 151.
34
Calculate the remainder when 17074 is divided by 72.
10
Calculate the remainder when 1318 is divided by 937.
381
Calculate the remainder when 3217 is divided by 179.
174
Calculate the remainder when 46178 is divided by 5.
3
What is the remainder when 42271 is divided by 14090?
1
What is the remainder when 12683 is divided by 746?
1
What is the remainder when 55945 is divided by 30?
25
Calculate the remainder when 885 is divided by 266.
87
What is the remainder when 27541 is divided by 3060?
1
Calculate the remainder when 63527 is divided by 21171.
14
Calculate the remainder when 496515 is divided by 404.
403
What is the remainder when 1089809 is divided by 18?
17
What is the remainder when 3019379 is divided by 490?
489
Calculate the remainder when 34543 is divided by 178.
11
What is the remainder when 447786 is divided by 63968?
10
Calculate the remainder when 1461 is divided by 23.
12
What is the remainder when 1362 is divided by 186?
60
What is the remainder when 131628 is divided by 51?
48
Calculate the remainder when 5289 is divided by 196.
193
Calculate the remainder when 40987 is divided by 237.
223
What is the remainder when 3910 is divided by 654?
640
What is the remainder when 13122 is divided by 543?
90
Calculate the remainder when 15173 is divided by 3636.
629
What is the remainder when 3288 is divided by 253?
252
What is the remainder when 42481 is divided by 27?
10
Calculate the remainder when 895055 is divided by 5525.
5
What is the remainder when 52135 is divided by 14?
13
Calculate the remainder when 2541 is divided by 637.
630
Calculate the remainder when 139866 is divided by 1537.
1536
What is the remainder when 16487 is divided by 105?
2
What is the remainder when 279654 is divided by 734?
0
Calculate the remainder when 3501 is divided by 439.
428
What is the remainder when 1511515 is divided by 167?
165
What is the remainder when 3794 is divided by 1888?
18
Calculate the remainder when 135891 is divided by 33.
30
What is the remainder when 58688 is divided by 274?
52
Calculate the remainder when 165 is divided by 125.
40
What is the remainder when 1801 is divided by 132?
85
Calculate the remainder when 301 is divided by 282.
19
What is the remainder when 211862 is divided by 34?
8
Calculate the remainder when 20132 is divided by 156.
8
What is the remainder when 128848 is divided by 914?
888
Calculate the remainder when 30245 is divided by 25.
20
Calculate the remainder when 10576 is divided by 10543.
33
Calculate the remainder when 480948 is divided by 386.
378
Calculate the remainder when 7375 is divided by 2235.
670
What is the remainder when 221756 is divided by 64?
60
What is the remainder when 100285 is divided by 89?
71
What is the remainder when 68007 is divided by 789?
153
Calculate the remainder when 21761 is divided by 195.
116
What is the remainder when 14206 is divided by 490?
486
Calculate the remainder when 18061 is divided by 668.
25
What is the remainder when 32723 is divided by 5?
3
What is the remainder when 1263 is divided by 498?
267
What is the remainder when 7031 is divided by 51?
44
Calculate the remainder when 3901 is divided by 309.
193
What is the remainder when 284239 is divided by 646?
645
Calculate the remainder when 12872 is divided by 161.
153
What is the remainder when 69722 is divided by 5799?
134
Calculate the remainder when 385 is divided by 273.
112
What is the remainder when 331 is divided by 91?
58
What is the remainder when 2715 is divided by 426?
159
What is the remainder when 22698 is divided by 2269?
8
Calculate the remainder when 21825 is divided by 118.
113
What is the remainder when 242641 is divided by 111?
106
What is the remainder when 98441 is divided by 46?
1
Calculate the remainder when 2662 is divided by 50.
12
What is the remainder when 25215 is divided by 6?
3
What is the remainder when 37446 is divided by 18677?
92
Calculate the remainder when 54752 is divided by 169.
165
Calculate the remainder when 68043 is divided by 64.
11
Calculate the remainder when 501093 is divided by 100218.
3
Calculate the remainder when 144598 is divided by 48185.
43
Calculate the remainder when 6452 is divided by 6276.
176
What is the remainder when 124636 is divided by 307?
301
What is the remaind